{"id":1252,"date":"2023-03-21T12:04:17","date_gmt":"2023-03-21T11:04:17","guid":{"rendered":"http:\/\/www.niagnua.net\/?page_id=1252"},"modified":"2026-02-17T11:12:05","modified_gmt":"2026-02-17T10:12:05","slug":"kist-a-hilft","status":"publish","type":"page","link":"https:\/\/www.niagnua.net\/?page_id=1252","title":{"rendered":"KiSt.A hilft"},"content":{"rendered":"\n<p>Als gemeinn\u00fctziger Verein vertreten wir die Ideologie T\u00e4tigkeiten, die darauf gerichtet sind, die Allgemeinheit auf materiellem und geistigem Gebiet zu f\u00f6rdern.<br>Darunter verstehen wir unter anderem, gem\u00e4\u00df unserem Vereinsstatut, den Erl\u00f6s der Faschingssitzungen sozialen Zwecken zuzuf\u00fchren.<\/p>\n\n\n\n<p>Um Ihnen einen \u00dcberblick \u00fcber diese Unterst\u00fctzungen zu verschaffen, haben wir auf dieser Seite Projekte angef\u00fchrt, die wir zur G\u00e4nze oder teilweise unterst\u00fctzt haben. Aus datenschutzrechtlichen Gr\u00fcnden nehmen wir jedoch davon Abstand, Namen und Betr\u00e4ge bekanntzugeben &#8211; wir bitten um Verst\u00e4ndnis!<\/p>\n\n\n\n<p>Sollten Sie Fragen zu den Projekten oder Vorschl\u00e4ge f\u00fcr k\u00fcnftige Projekte haben, k\u00f6nnen Sie sich gerne unter <a href=\"mailto:office@niagnua.net\">office@niagnua.net<\/a> an das Vorstandsteam der Kulturinitiative St. Andr\u00e4 wenden.<\/p>\n\n\n\n<p>Unter anderem unterst\u00fctzt wurde durch die KiSt.A \u2026<\/p>\n\n\n\n<p>\u2026der Ankauf von Langlaufequipment f\u00fcr Schulen<br>\u2026der Ankauf von Schi-Equipment f\u00fcr Schulen<br>\u2026der Ankauf von K\u00fchlger\u00e4ten f\u00fcr Kinderbetreuungseinrichtungen<br>\u2026der Ankauf von Spielsachen f\u00fcr Kinderbetreuungseinrichtungen <br>\u2026 der Ankauf eines Defibrillators f\u00fcr First Responder<br>\u2026 der Ankauf mehrerer Therapieger\u00e4te f\u00fcr ein erkrankte Kinder<br>\u2026 der Ankauf von Spielsachen f\u00fcr eine gemeinn\u00fctzige Organisation<br>\u2026 der Ankauf von Technikequipment f\u00fcr Veranstaltungen in der Gemeinde<br>\u2026 der Ankauf eines behindertengerechten PKW\u00b4s<br>\u2026 der Ankauf einer Parkbankgarnitur<br>\u2026 der Ankauf von Vereinsbekleidung<br>\u2026 die Unterst\u00fctzung von Menschen in besonderen Lebenslagen <br>\u2026 die Bereitstellung von Spielger\u00e4ten bei Kinderfesten<br>\u2026 den Ankauf und Sponsoring von Sachpreisen f\u00fcr Sportveranstaltungen <br>\u2026 die Bereitstellung von Technik f\u00fcr Veranstaltungen von Vereinen innerhalb der Gemeinde <br>&#8230; Krapfenspenden an diverse Betreuungseinrichtungen<br>&#8230; Verleih von Kost\u00fcmen \/ Kost\u00fcmsets an Interessierte<br>\u2026 u.v.m.<br><br>Des weiteren steht unsere VORPREMIERENSITZUNG immer im Zeichen des sozialen Zwecks. Dazu laden wir aus der gesamten Region Lavanttal Bewohner und Klienten diverser Betreuungseinrichtungen kostenlos zur Sitzung, sowie auf ein Getr\u00e4nk und einen Imbiss ein. <br>Diese liebgewonnene Tradition gibt uns die Sicherheit, unser Programm mit lieben und begeisterten Menschen das erste Mal auf die B\u00fchne zu bringen und zu pr\u00e4sentieren! <br><br>Sie sind auch in einer Institution t\u00e4tig, die mit Menschen in besonderen Lebenslagen arbeitet und w\u00fcrden uns gerne bei der Vorpremiere besuchen? Dann melden sie sich gerne unter office@niagnua.net bei uns!<\/p>\n\n\n\n<p style=\"font-size:21px\"><strong>KiSt.A hilft, denn Hilfe kann man NIA GNUA haben!<\/strong><\/p>\n","protected":false},"excerpt":{"rendered":"<p>Als gemeinn\u00fctziger Verein vertreten wir die Ideologie T\u00e4tigkeiten, die darauf gerichtet sind, die Allgemeinheit auf materiellem und geistigem Gebiet zu f\u00f6rdern.Darunter verstehen wir unter anderem, gem\u00e4\u00df unserem Vereinsstatut, den Erl\u00f6s der Faschingssitzungen sozialen Zwecken zuzuf\u00fchren. Um Ihnen einen \u00dcberblick \u00fcber<\/p>\n","protected":false},"author":4,"featured_media":0,"parent":0,"menu_order":7,"comment_status":"closed","ping_status":"closed","template":"","meta":{"footnotes":""},"class_list":["post-1252","page","type-page","status-publish","hentry"],"_links":{"self":[{"href":"https:\/\/www.niagnua.net\/index.php?rest_route=\/wp\/v2\/pages\/1252","targetHints":{"allow":["GET"]}}],"collection":[{"href":"https:\/\/www.niagnua.net\/index.php?rest_route=\/wp\/v2\/pages"}],"about":[{"href":"https:\/\/www.niagnua.net\/index.php?rest_route=\/wp\/v2\/types\/page"}],"author":[{"embeddable":true,"href":"https:\/\/www.niagnua.net\/index.php?rest_route=\/wp\/v2\/users\/4"}],"replies":[{"embeddable":true,"href":"https:\/\/www.niagnua.net\/index.php?rest_route=%2Fwp%2Fv2%2Fcomments&post=1252"}],"version-history":[{"count":8,"href":"https:\/\/www.niagnua.net\/index.php?rest_route=\/wp\/v2\/pages\/1252\/revisions"}],"predecessor-version":[{"id":2032,"href":"https:\/\/www.niagnua.net\/index.php?rest_route=\/wp\/v2\/pages\/1252\/revisions\/2032"}],"wp:attachment":[{"href":"https:\/\/www.niagnua.net\/index.php?rest_route=%2Fwp%2Fv2%2Fmedia&parent=1252"}],"curies":[{"name":"wp","href":"https:\/\/api.w.org\/{rel}","templated":true}]}}